{"id":8964,"date":"2016-02-15T08:42:50","date_gmt":"2016-02-15T08:42:50","guid":{"rendered":"http:\/\/webnus.biz\/themes\/easyweb\/host\/?page_id=8964"},"modified":"2019-03-27T20:31:56","modified_gmt":"2019-03-27T23:31:56","slug":"construtor-de-sites","status":"publish","type":"page","link":"https:\/\/hobinsonhost.com.br\/?page_id=8964","title":{"rendered":"Construtor de Sites"},"content":{"rendered":"<p>[vc_row][vc_column css=&#8221;.vc_custom_1495158313444{padding-bottom: 10px !important;background-image: url(https:\/\/hobinsonhost.com.br\/wp-content\/uploads\/2016\/02\/hero-bg.jpg?id=10481) !important;}&#8221;]<hr class=\"vertical-space3\">[vc_column_text css_animation=&#8221;appear&#8221; css=&#8221;.vc_custom_1495206444716{background-color: rgba(2,0,0,0.01) !important;*background-color: rgb(2,0,0) !important;}&#8221;]<\/p>\n<h1 style=\"text-align: center;\"><strong><span style=\"color: #00ccff;\">CONHE\u00c7A O PODEROSO<\/span><br \/>\n<span style=\"color: #ffffff;\">CONSTRUTOR DE SITES<\/span><br \/>\n<\/strong><\/h1>\n<p style=\"text-align: center;\"><span style=\"color: #ffffff;\">Tudo o que voc\u00ea precisa para ter o seu site online em minutos!<\/span><br \/>\n<span style=\"color: #ffffff;\"> E o melhor: Sem precisar programar nada! Aproveite!<\/span><\/p>\n<p>[\/vc_column_text]<hr class=\"vertical-space1\">[\/vc_column][\/vc_row][vc_row row_type=&#8221;1&#8243;][vc_column]<div class=\"our-process-wrap\">\n\t\t\t\t<div class=\"our-process-item \">\n\t\t\t\t\t<i class=\"fa fa-lightbulb-o\"><\/i>\n\t\t\t\t\t<h4>Teve uma ideia de Neg\u00f3cio?<\/h4>\n\t\t\t\t\t<p>Tempo \u00e9 tudo, n\u00e3o \u00e9 mesmo?<\/p>\n\t\t\t\t<\/div>\n\t\t\t\t<div class=\"our-process-item \">\n\t\t\t\t\t<i class=\"fa fa-cloud\"><\/i>\n\t\t\t\t\t<h4>Escolha um Plano<\/h4>\n\t\t\t\t\t<p>Planos de Hospedagem com Construtor de Sites Incluso<\/p>\n\t\t\t\t<\/div>\n\t\t\t\t<div class=\"our-process-item \">\n\t\t\t\t\t<i class=\"fa fa-pencil\"><\/i>\n\t\t\t\t\t<h4>Crie um site em alguns minutos<\/h4>\n\t\t\t\t\t<p>Crie seu site rapidamente com modelos incr\u00edveis <br>sem precisar saber nada de programa\u00e7\u00e3o<\/p>\n\t\t\t\t<\/div>\n\t\t\t\t<div class=\"our-process-item \">\n\t\t\t\t\t<i class=\"fa fa-rocket\"><\/i>\n\t\t\t\t\t<h4>Pronto!<\/h4>\n\t\t\t\t\t<p>Seu site no ar, na velocidade da luz!<\/p>\n\t\t\t\t<\/div><\/div><hr class=\"vertical-space5\">[\/vc_column][\/vc_row][vc_row][vc_column][vc_column_text]<\/p>\n<h1 style=\"text-align: center;\"><span style=\"color: #00ccff;\">VEJA ALGUNS MODELOS<\/span><\/h1>\n<p>[\/vc_column_text][vc_btn title=&#8221;Ver Modelos de Sites&#8221; color=&#8221;success&#8221; align=&#8221;center&#8221; link=&#8221;url:http%3A%2F%2Fconstruir.website%2Fpt-BR%2Fbrand%2F1798%2F||target:%20_blank|&#8221;][vc_row_inner][vc_column_inner][\/vc_column_inner][\/vc_row_inner][\/vc_column][\/vc_row][vc_row][vc_column][vc_column_text]<\/p>\n<h2 style=\"text-align: center;\">Todos os Planos de Hospedagem<\/h2>\n<h2 style=\"text-align: center;\">com o Construtor de Sites incluso!<\/h2>\n<p>[\/vc_column_text][vc_btn title=&#8221;Ver Todos os Planos&#8221; style=&#8221;classic&#8221; color=&#8221;primary&#8221; align=&#8221;center&#8221; link=&#8221;url:https%3A%2F%2Fhobinsonhost.com.br%2F%3Fpage_id%3D9289|||&#8221;][vc_empty_space][vc_empty_space][vc_column_text]<\/p>\n<h3 style=\"text-align: center;\">Se preferir, caso tenha dificuldade em criar seu site entre em contato atrav\u00e9s de nosso formul\u00e1rio abaixo e solicite o<br \/>\nOr\u00e7amento para Cria\u00e7\u00e3o e Desenvolvimento.<\/h3>\n<p>[\/vc_column_text]<div role=\"form\" class=\"wpcf7\" id=\"wpcf7-f5689-o1\" lang=\"en-US\" dir=\"ltr\">\n<div class=\"screen-reader-response\"><p role=\"status\" aria-live=\"polite\" aria-atomic=\"true\"><\/p> <ul><\/ul><\/div>\n<form action=\"\/index.php?rest_route=%2Fwp%2Fv2%2Fpages%2F8964#wpcf7-f5689-o1\" method=\"post\" class=\"wpcf7-form init\" novalidate=\"novalidate\" data-status=\"init\">\n<div style=\"display: none;\">\n<input type=\"hidden\" name=\"_wpcf7\" value=\"5689\" \/>\n<input type=\"hidden\" name=\"_wpcf7_version\" value=\"5.3\" \/>\n<input type=\"hidden\" name=\"_wpcf7_locale\" value=\"en_US\" \/>\n<input type=\"hidden\" name=\"_wpcf7_unit_tag\" value=\"wpcf7-f5689-o1\" \/>\n<input type=\"hidden\" name=\"_wpcf7_container_post\" value=\"0\" \/>\n<input type=\"hidden\" name=\"_wpcf7_posted_data_hash\" value=\"\" \/>\n<\/div>\n<p><!-- name --><\/p>\n<div id=\"talk-business\">\n<div class=\"row\">\n<div class=\"col-sm-12\">\n<p class=\"talk-business-title\">Nome<\/p>\n<p>      <span class=\"wpcf7-form-control-wrap Name\"><input type=\"text\" name=\"Name\" value=\"\" size=\"40\" class=\"wpcf7-form-control wpcf7-text style_contact_information\" aria-invalid=\"false\" \/><\/span>\n    <\/p><\/div><\/div>\n<p>  <!-- mail & subject --><\/p>\n<div class=\"row\">\n<div class=\"col-sm-6\">\n<p class=\"talk-business-title\">Seu Email<\/p>\n<p>      <span class=\"wpcf7-form-control-wrap Email\"><input type=\"email\" name=\"Email\" value=\"\" size=\"40\" class=\"wpcf7-form-control wpcf7-text wpcf7-email wpcf7-validates-as-email style_contact_information\" aria-invalid=\"false\" \/><\/span>\n    <\/p><\/div>\n<div class=\"col-sm-6\">\n<p class=\"talk-business-title\">Assunto<\/p>\n<p>      <span class=\"wpcf7-form-control-wrap Subject\"><input type=\"text\" name=\"Subject\" value=\"\" size=\"40\" class=\"wpcf7-form-control wpcf7-text style_contact_information\" aria-invalid=\"false\" \/><\/span>\n    <\/p><\/div><\/div>\n<p>  <!-- text area --><\/p>\n<div class=\"row\">\n<div class=\"col-sm-12\">\n<p class=\"talk-business-title\">Mensagem<\/p>\n<p>      <span class=\"wpcf7-form-control-wrap Textarea\"><textarea name=\"Textarea\" cols=\"40\" rows=\"10\" class=\"wpcf7-form-control wpcf7-textarea style_contact_information\" aria-invalid=\"false\"><\/textarea><\/span>\n    <\/p><\/div><\/div>\n<p>  <!-- btns --><\/p>\n<div class=\"row contact_information_btns\">\n<div class=\"col-sm-3\">\n<\/div>\n<div class=\"col-sm-6\">\n      <input type=\"submit\" value=\"ENVIAR MENSAGEM\" class=\"wpcf7-form-control wpcf7-submit host-btn-form\" \/>\n <\/div>\n<div class=\"col-sm-3\">\n  <\/div><\/div>\n<\/div>\n<div class=\"wpcf7-response-output\" aria-hidden=\"true\"><\/div><\/form><\/div>[\/vc_column][\/vc_row]<\/p>\n","protected":false},"excerpt":{"rendered":"<p>[vc_row][vc_column css=&#8221;.vc_custom_1495158313444{padding-bottom: 10px !important;background-image: url(https:\/\/hobinsonhost.com.br\/wp-content\/uploads\/2016\/02\/hero-bg.jpg?id=10481) !important;}&#8221;][vc_column_text css_animation=&#8221;appear&#8221; css=&#8221;.vc_custom_1495206444716{background-color: rgba(2,0,0,0.01) !important;*background-color: rgb(2,0,0) !important;}&#8221;] CONHE\u00c7A O PODEROSO CONSTRUTOR DE SITES Tudo o que voc\u00ea precisa para ter o seu site online em minutos! E o melhor: Sem precisar programar nada! Aproveite! [\/vc_column_text][\/vc_column][\/vc_row][vc_row row_type=&#8221;1&#8243;][vc_column][\/vc_column][\/vc_row][vc_row][vc_column][vc_column_text] VEJA ALGUNS MODELOS [\/vc_column_text][vc_btn title=&#8221;Ver Modelos de Sites&#8221; color=&#8221;success&#8221; align=&#8221;center&#8221; link=&#8221;url:http%3A%2F%2Fconstruir.website%2Fpt-BR%2Fbrand%2F1798%2F||target:%20_blank|&#8221;][vc_row_inner][vc_column_inner][\/vc_column_inner][\/vc_row_inner][\/vc_column][\/vc_row][vc_row][vc_column][vc_column_text] Todos os Planos de Hospedagem com o Construtor de Sites incluso! [\/vc_column_text][vc_btn title=&#8221;Ver Todos os Planos&#8221; style=&#8221;classic&#8221; color=&#8221;primary&#8221; align=&#8221;center&#8221; link=&#8221;url:https%3A%2F%2Fhobinsonhost.com.br%2F%3Fpage_id%3D9289|||&#8221;][vc_empty_space][vc_empty_space][vc_column_text] Se preferir, caso tenha dificuldade em criar seu site entre em contato atrav\u00e9s de nosso formul\u00e1rio abaixo e solicite o Or\u00e7amento para Cria\u00e7\u00e3o e Desenvolvimento. [\/vc_column_text][\/vc_column][\/vc_row]<\/p>\n","protected":false},"author":1,"featured_media":0,"parent":0,"menu_order":0,"comment_status":"closed","ping_status":"closed","template":"","meta":[],"_links":{"self":[{"href":"https:\/\/hobinsonhost.com.br\/index.php?rest_route=\/wp\/v2\/pages\/8964"}],"collection":[{"href":"https:\/\/hobinsonhost.com.br\/index.php?rest_route=\/wp\/v2\/pages"}],"about":[{"href":"https:\/\/hobinsonhost.com.br\/index.php?rest_route=\/wp\/v2\/types\/page"}],"author":[{"embeddable":true,"href":"https:\/\/hobinsonhost.com.br\/index.php?rest_route=\/wp\/v2\/users\/1"}],"replies":[{"embeddable":true,"href":"https:\/\/hobinsonhost.com.br\/index.php?rest_route=%2Fwp%2Fv2%2Fcomments&post=8964"}],"version-history":[{"count":47,"href":"https:\/\/hobinsonhost.com.br\/index.php?rest_route=\/wp\/v2\/pages\/8964\/revisions"}],"predecessor-version":[{"id":11418,"href":"https:\/\/hobinsonhost.com.br\/index.php?rest_route=\/wp\/v2\/pages\/8964\/revisions\/11418"}],"wp:attachment":[{"href":"https:\/\/hobinsonhost.com.br\/index.php?rest_route=%2Fwp%2Fv2%2Fmedia&parent=8964"}],"curies":[{"name":"wp","href":"https:\/\/api.w.org\/{rel}","templated":true}]}}