{"id":5704,"date":"2016-01-17T07:44:22","date_gmt":"2016-01-17T07:44:22","guid":{"rendered":"http:\/\/webnus.biz\/themes\/easyweb\/host\/?page_id=5704"},"modified":"2026-04-15T22:16:36","modified_gmt":"2026-04-16T01:16:36","slug":"contact-us","status":"publish","type":"page","link":"https:\/\/hobinsonhost.com.br\/?page_id=5704","title":{"rendered":"Entre em Contato"},"content":{"rendered":"<p>[vc_row row_type=&#8221;2&#8243; blox_height=&#8221;340&#8243; blox_image=&#8221;6442&#8243; blox_cover=&#8221;false&#8221; page_title=&#8221;page-title-x&#8221; blox_dark=&#8221;true&#8221; row_pattern=&#8221;max-pat2&#8243;][vc_column 0=&#8221;&#8221;]<hr class=\"vertical-space5\"><hr class=\"vertical-space5\">[vc_column_text 0=&#8221;&#8221;]<\/p>\n<h2 style=\"text-align: center;\"><strong style=\"font-weight: bold;\"><span style=\"color: #4fc1e9;\">ENTRE EM <\/span><span style=\"color: #ffffff;\">CONTATO<\/span><\/strong><\/h2>\n<p>[\/vc_column_text][\/vc_column][\/vc_row][vc_row 0=&#8221;&#8221;][vc_column 0=&#8221;&#8221;]<hr class=\"vertical-space5\">[vc_row_inner 0=&#8221;&#8221;][vc_column_inner width=&#8221;6\/12&#8243;]<hr class=\"vertical-space1\">[vc_column_text 0=&#8221;&#8221;]<\/p>\n<h4>SUPORTE E ATENDIMENTO<\/h4>\n<p>Estamos sempre prontos para lhe atender, n\u00e3o importando dia, hora ou local. O que importa \u00e9 voc\u00ea.<br \/>\nConfira abaixo os nossos canais de atendimento:[\/vc_column_text]<hr class=\"vertical-space1\"><article class=\"icon-box\" ><i class=\"sl-call-out\" style=\"\"><\/i><h4>Telefone<\/h4><p>(19) 989302133<\/p><\/article><hr class=\"vertical-space1\"><article class=\"icon-box\" ><i class=\"sl-location-pin\" style=\"\"><\/i><h4>Endere\u00e7o<\/h4><p><strong>50B, Rosolem,<\/strong><br \/>\nHortolandia-SP<\/p><\/article><hr class=\"vertical-space1\"><article class=\"icon-box\" ><i class=\"sl-envelope-open\" style=\"\"><\/i><h4>Email<\/h4><p>atendimento@hobinsonhost.com.br<\/p><\/article><hr class=\"vertical-space1\">[\/vc_column_inner][vc_column_inner el_class=&#8221;aligncenter&#8221; width=&#8221;1\/12&#8243;][\/vc_column_inner][vc_column_inner width=&#8221;5\/12&#8243;]\n\t<div class=\"max-title max-title4\">\n\t\t<h2>FORMUL\u00c1RIO DE <strong>CONTATO<\/strong><\/h2>\n\t<\/div><hr class=\"vertical-space1\"><div role=\"form\" class=\"wpcf7\" id=\"wpcf7-f5689-o1\" lang=\"en-US\" dir=\"ltr\">\n<div class=\"screen-reader-response\"><p role=\"status\" aria-live=\"polite\" aria-atomic=\"true\"><\/p> <ul><\/ul><\/div>\n<form action=\"\/index.php?rest_route=%2Fwp%2Fv2%2Fpages%2F5704#wpcf7-f5689-o1\" method=\"post\" class=\"wpcf7-form init\" novalidate=\"novalidate\" data-status=\"init\">\n<div style=\"display: none;\">\n<input type=\"hidden\" name=\"_wpcf7\" value=\"5689\" \/>\n<input type=\"hidden\" name=\"_wpcf7_version\" value=\"5.3\" \/>\n<input type=\"hidden\" name=\"_wpcf7_locale\" value=\"en_US\" \/>\n<input type=\"hidden\" name=\"_wpcf7_unit_tag\" value=\"wpcf7-f5689-o1\" \/>\n<input type=\"hidden\" name=\"_wpcf7_container_post\" value=\"0\" \/>\n<input type=\"hidden\" name=\"_wpcf7_posted_data_hash\" value=\"\" \/>\n<\/div>\n<p><!-- name --><\/p>\n<div id=\"talk-business\">\n<div class=\"row\">\n<div class=\"col-sm-12\">\n<p class=\"talk-business-title\">Nome<\/p>\n<p>      <span class=\"wpcf7-form-control-wrap Name\"><input type=\"text\" name=\"Name\" value=\"\" size=\"40\" class=\"wpcf7-form-control wpcf7-text style_contact_information\" aria-invalid=\"false\" \/><\/span>\n    <\/p><\/div><\/div>\n<p>  <!-- mail & subject --><\/p>\n<div class=\"row\">\n<div class=\"col-sm-6\">\n<p class=\"talk-business-title\">Seu Email<\/p>\n<p>      <span class=\"wpcf7-form-control-wrap Email\"><input type=\"email\" name=\"Email\" value=\"\" size=\"40\" class=\"wpcf7-form-control wpcf7-text wpcf7-email wpcf7-validates-as-email style_contact_information\" aria-invalid=\"false\" \/><\/span>\n    <\/p><\/div>\n<div class=\"col-sm-6\">\n<p class=\"talk-business-title\">Assunto<\/p>\n<p>      <span class=\"wpcf7-form-control-wrap Subject\"><input type=\"text\" name=\"Subject\" value=\"\" size=\"40\" class=\"wpcf7-form-control wpcf7-text style_contact_information\" aria-invalid=\"false\" \/><\/span>\n    <\/p><\/div><\/div>\n<p>  <!-- text area --><\/p>\n<div class=\"row\">\n<div class=\"col-sm-12\">\n<p class=\"talk-business-title\">Mensagem<\/p>\n<p>      <span class=\"wpcf7-form-control-wrap Textarea\"><textarea name=\"Textarea\" cols=\"40\" rows=\"10\" class=\"wpcf7-form-control wpcf7-textarea style_contact_information\" aria-invalid=\"false\"><\/textarea><\/span>\n    <\/p><\/div><\/div>\n<p>  <!-- btns --><\/p>\n<div class=\"row contact_information_btns\">\n<div class=\"col-sm-3\">\n<\/div>\n<div class=\"col-sm-6\">\n      <input type=\"submit\" value=\"ENVIAR MENSAGEM\" class=\"wpcf7-form-control wpcf7-submit host-btn-form\" \/>\n <\/div>\n<div class=\"col-sm-3\">\n  <\/div><\/div>\n<\/div>\n<div class=\"wpcf7-response-output\" aria-hidden=\"true\"><\/div><\/form><\/div><hr class=\"vertical-space1\">[\/vc_column_inner][\/vc_row_inner][\/vc_column][\/vc_row]<\/p>\n","protected":false},"excerpt":{"rendered":"<p>[vc_row row_type=&#8221;2&#8243; blox_height=&#8221;340&#8243; blox_image=&#8221;6442&#8243; blox_cover=&#8221;false&#8221; page_title=&#8221;page-title-x&#8221; blox_dark=&#8221;true&#8221; row_pattern=&#8221;max-pat2&#8243;][vc_column 0=&#8221;&#8221;][vc_column_text 0=&#8221;&#8221;] ENTRE EM CONTATO [\/vc_column_text][\/vc_column][\/vc_row][vc_row 0=&#8221;&#8221;][vc_column 0=&#8221;&#8221;][vc_row_inner 0=&#8221;&#8221;][vc_column_inner width=&#8221;6\/12&#8243;][vc_column_text 0=&#8221;&#8221;] SUPORTE E ATENDIMENTO Estamos sempre prontos para lhe atender, n\u00e3o importando dia, hora ou local. O que importa \u00e9 voc\u00ea. Confira abaixo os nossos canais de atendimento:[\/vc_column_text][\/vc_column_inner][vc_column_inner el_class=&#8221;aligncenter&#8221; width=&#8221;1\/12&#8243;][\/vc_column_inner][vc_column_inner width=&#8221;5\/12&#8243;][\/vc_column_inner][\/vc_row_inner][\/vc_column][\/vc_row]<\/p>\n","protected":false},"author":1,"featured_media":0,"parent":0,"menu_order":0,"comment_status":"closed","ping_status":"closed","template":"","meta":[],"_links":{"self":[{"href":"https:\/\/hobinsonhost.com.br\/index.php?rest_route=\/wp\/v2\/pages\/5704"}],"collection":[{"href":"https:\/\/hobinsonhost.com.br\/index.php?rest_route=\/wp\/v2\/pages"}],"about":[{"href":"https:\/\/hobinsonhost.com.br\/index.php?rest_route=\/wp\/v2\/types\/page"}],"author":[{"embeddable":true,"href":"https:\/\/hobinsonhost.com.br\/index.php?rest_route=\/wp\/v2\/users\/1"}],"replies":[{"embeddable":true,"href":"https:\/\/hobinsonhost.com.br\/index.php?rest_route=%2Fwp%2Fv2%2Fcomments&post=5704"}],"version-history":[{"count":28,"href":"https:\/\/hobinsonhost.com.br\/index.php?rest_route=\/wp\/v2\/pages\/5704\/revisions"}],"predecessor-version":[{"id":11674,"href":"https:\/\/hobinsonhost.com.br\/index.php?rest_route=\/wp\/v2\/pages\/5704\/revisions\/11674"}],"wp:attachment":[{"href":"https:\/\/hobinsonhost.com.br\/index.php?rest_route=%2Fwp%2Fv2%2Fmedia&parent=5704"}],"curies":[{"name":"wp","href":"https:\/\/api.w.org\/{rel}","templated":true}]}}